{"id":38,"date":"2020-03-16T17:37:05","date_gmt":"2020-03-16T16:37:05","guid":{"rendered":"https:\/\/www.zimmermann.casa\/?page_id=38"},"modified":"2020-03-17T18:27:36","modified_gmt":"2020-03-17T17:27:36","slug":"startseite-2","status":"publish","type":"page","link":"https:\/\/www.zimmermann.casa\/?page_id=38","title":{"rendered":"Startseite"},"content":{"rendered":"<div class=\"col-md-5\">\n<h3>Was gibt es hier zu sehen?<\/h3>\n<p>Auf dieser Seite berichte ich in loser Folge \u00fcber die Entstehung meiner Modellbahn. Die Modellbahnanlage wird im Ma\u00dfstab 1:87 erstellt. Das Thema wird der Bahnhof Pontresina der Rh\u00e4tischen Bahn sein.<\/p>\n<p>Pontresina liegt an der Berninalinie, die zwischen St.Moritz und Tirano verl\u00e4uft. Das Landwasserviadukt und Teile der Albulastrecke werden auf einem weiteren Anlagenschenkel entstehen.<\/p>\n<p><img loading=\"lazy\" decoding=\"async\" src=\"https:\/\/www.zimmermann.casa\/wp-content\/uploads\/2020\/03\/Ansicht_6-1024x507.jpg\" alt=\"\u00dcbersicht 2\" class=\"alignnone size-large wp-image-70\" width=\"750\" height=\"371\" srcset=\"https:\/\/www.zimmermann.casa\/wp-content\/uploads\/2020\/03\/Ansicht_6-1024x507.jpg 1024w, https:\/\/www.zimmermann.casa\/wp-content\/uploads\/2020\/03\/Ansicht_6-300x149.jpg 300w, https:\/\/www.zimmermann.casa\/wp-content\/uploads\/2020\/03\/Ansicht_6-768x380.jpg 768w, https:\/\/www.zimmermann.casa\/wp-content\/uploads\/2020\/03\/Ansicht_6-1536x761.jpg 1536w, https:\/\/www.zimmermann.casa\/wp-content\/uploads\/2020\/03\/Ansicht_6.jpg 1920w\" sizes=\"auto, (max-width: 750px) 100vw, 750px\" \/><\/p>\n<p><img loading=\"lazy\" decoding=\"async\" src=\"https:\/\/www.zimmermann.casa\/wp-content\/uploads\/2020\/03\/Ansicht_4-1024x507.jpg\" alt=\"\" class=\"alignnone size-large wp-image-68\" width=\"750\" height=\"371\" srcset=\"https:\/\/www.zimmermann.casa\/wp-content\/uploads\/2020\/03\/Ansicht_4-1024x507.jpg 1024w, https:\/\/www.zimmermann.casa\/wp-content\/uploads\/2020\/03\/Ansicht_4-300x149.jpg 300w, https:\/\/www.zimmermann.casa\/wp-content\/uploads\/2020\/03\/Ansicht_4-768x380.jpg 768w, https:\/\/www.zimmermann.casa\/wp-content\/uploads\/2020\/03\/Ansicht_4-1536x761.jpg 1536w, https:\/\/www.zimmermann.casa\/wp-content\/uploads\/2020\/03\/Ansicht_4.jpg 1920w\" sizes=\"auto, (max-width: 750px) 100vw, 750px\" \/><\/p>\n<p><img loading=\"lazy\" decoding=\"async\" src=\"https:\/\/www.zimmermann.casa\/wp-content\/uploads\/2020\/03\/Ansicht_9-1024x507.jpg\" alt=\"\u00dcbersicht 1\" class=\"alignnone size-large wp-image-69\" width=\"750\" height=\"371\" srcset=\"https:\/\/www.zimmermann.casa\/wp-content\/uploads\/2020\/03\/Ansicht_9-1024x507.jpg 1024w, https:\/\/www.zimmermann.casa\/wp-content\/uploads\/2020\/03\/Ansicht_9-300x149.jpg 300w, https:\/\/www.zimmermann.casa\/wp-content\/uploads\/2020\/03\/Ansicht_9-768x380.jpg 768w, https:\/\/www.zimmermann.casa\/wp-content\/uploads\/2020\/03\/Ansicht_9-1536x761.jpg 1536w, https:\/\/www.zimmermann.casa\/wp-content\/uploads\/2020\/03\/Ansicht_9.jpg 1920w\" sizes=\"auto, (max-width: 750px) 100vw, 750px\" \/><\/p>\n<\/div>\n","protected":false},"excerpt":{"rendered":"<p>Was gibt es hier zu sehen? Auf dieser Seite berichte ich in loser Folge \u00fcber die Entstehung meiner Modellbahn. Die Modellbahnanlage wird im Ma\u00dfstab 1:87 erstellt. Das Thema wird der Bahnhof Pontresina der Rh\u00e4tischen Bahn sein. Pontresina liegt an der Berninalinie, die zwischen St.Moritz und Tirano verl\u00e4uft. Das Landwasserviadukt und [&hellip;]<\/p>\n","protected":false},"author":2,"featured_media":56,"parent":0,"menu_order":0,"comment_status":"closed","ping_status":"closed","template":"","meta":{"_themeisle_gutenberg_block_has_review":false,"footnotes":""},"class_list":["post-38","page","type-page","status-publish","has-post-thumbnail","hentry"],"_links":{"self":[{"href":"https:\/\/www.zimmermann.casa\/index.php?rest_route=\/wp\/v2\/pages\/38","targetHints":{"allow":["GET"]}}],"collection":[{"href":"https:\/\/www.zimmermann.casa\/index.php?rest_route=\/wp\/v2\/pages"}],"about":[{"href":"https:\/\/www.zimmermann.casa\/index.php?rest_route=\/wp\/v2\/types\/page"}],"author":[{"embeddable":true,"href":"https:\/\/www.zimmermann.casa\/index.php?rest_route=\/wp\/v2\/users\/2"}],"replies":[{"embeddable":true,"href":"https:\/\/www.zimmermann.casa\/index.php?rest_route=%2Fwp%2Fv2%2Fcomments&post=38"}],"version-history":[{"count":7,"href":"https:\/\/www.zimmermann.casa\/index.php?rest_route=\/wp\/v2\/pages\/38\/revisions"}],"predecessor-version":[{"id":94,"href":"https:\/\/www.zimmermann.casa\/index.php?rest_route=\/wp\/v2\/pages\/38\/revisions\/94"}],"wp:featuredmedia":[{"embeddable":true,"href":"https:\/\/www.zimmermann.casa\/index.php?rest_route=\/wp\/v2\/media\/56"}],"wp:attachment":[{"href":"https:\/\/www.zimmermann.casa\/index.php?rest_route=%2Fwp%2Fv2%2Fmedia&parent=38"}],"curies":[{"name":"wp","href":"https:\/\/api.w.org\/{rel}","templated":true}]}}